nder when 320 is divided by 314?
6
What is the remainder when 251 is divided by 21?
20
What is the remainder when 66 is divided by 24?
18
What is the remainder when 459 is divided by 96?
75
Calculate the remainder when 18729 is divided by 10.
9
What is the remainder when 245 is divided by 10?
5
What is the remainder when 773 is divided by 11?
3
What is the remainder when 43 is divided by 17?
9
What is the remainder when 283 is divided by 19?
17
Calculate the remainder when 86 is divided by 64.
22
Calculate the remainder when 165 is divided by 52.
9
Calculate the remainder when 12592 is divided by 229.
226
What is the remainder when 139 is divided by 71?
68
What is the remainder when 253 is divided by 20?
13
Calculate the remainder when 54 is divided by 6.
0
Calculate the remainder when 261 is divided by 257.
4
Calculate the remainder when 1045 is divided by 42.
37
What is the remainder when 154 is divided by 40?
34
Calculate the remainder when 46278 is divided by 40.
38
What is the remainder when 513 is divided by 20?
13
Calculate the remainder when 1549 is divided by 21.
16
Calculate the remainder when 58 is divided by 54.
4
Calculate the remainder when 1640 is divided by 53.
50
Calculate the remainder when 809 is divided by 90.
89
What is the remainder when 52 is divided by 44?
8
What is the remainder when 4958 is divided by 10?
8
Calculate the remainder when 64 is divided by 11.
9
What is the remainder when 256 is divided by 71?
43
What is the remainder when 215 is divided by 62?
29
What is the remainder when 134 is divided by 28?
22
What is the remainder when 18 is divided by 4?
2
Calculate the remainder when 38 is divided by 15.
8
What is the remainder when 68 is divided by 11?
2
What is the remainder when 223 is divided by 15?
13
What is the remainder when 1319 is divided by 7?
3
Calculate the remainder when 89 is divided by 36.
17
Calculate the remainder when 33 is divided by 23.
10
What is the remainder when 116 is divided by 24?
20
Calculate the remainder when 1891 is divided by 19.
10
Calculate the remainder when 4575 is divided by 94.
63
What is the remainder when 88 is divided by 52?
36
What is the remainder when 45 is divided by 29?
16
Calculate the remainder when 585 is divided by 50.
35
Calculate the remainder when 1306 is divided by 163.
2
What is the remainder when 504 is divided by 17?
11
Calculate the remainder when 380 is divided by 32.
28
Calculate the remainder when 1599 is divided by 40.
39
What is the remainder when 71 is divided by 12?
11
Calculate the remainder when 708 is divided by 17.
11
What is the remainder when 3233 is divided by 271?
252
What is the remainder when 266 is divided by 4?
2
What is the remainder when 52 is divided by 17?
1
Calculate the remainder when 10748 is divided by 21.
17
What is the remainder when 921 is divided by 11?
8
What is the remainder when 11497 is divided by 213?
208
What is the remainder when 9698 is divided by 53?
52
What is the remainder when 125 is divided by 67?
58
What is the remainder when 276 is divided by 123?
30
What is the remainder when 11620 is divided by 59?
56
Calculate the remainder when 608 is divided by 301.
6
What is the remainder when 4447 is divided by 32?
31
Calculate the remainder when 140 is divided by 131.
9
What is the remainder when 63 is divided by 2?
1
Calculate the remainder when 69 is divided by 22.
3
What is the remainder when 427 is divided by 47?
4
Calculate the remainder when 769 is divided by 81.
40
What is the remainder when 5569 is divided by 9?
7
What is the remainder when 762 is divided by 9?
6
What is the remainder when 523 is divided by 21?
19
Calculate the remainder when 1865 is divided by 95.
60
What is the remainder when 172 is divided by 69?
34
What is the remainder when 1135 is divided by 202?
125
What is the remainder when 1072 is divided by 47?
38
What is the remainder when 462 is divided by 250?
212
Calculate the remainder when 83 is divided by 33.
17
Calculate the remainder when 111 is divided by 55.
1
What is the remainder when 5279 is divided by 100?
79
What is the remainder when 265 is divided by 39?
31
What is the remainder when 595 is divided by 23?
20
What is the remainder when 249 is divided by 79?
12
What is the remainder when 25 is divided by 24?
1
What is the remainder when 226 is divided by 219?
7
What is the remainder when 65 is divided by 11?
10
Calculate the remainder when 620 is divided by 130.
100
Calculate the remainder when 743 is divided by 241.
20
What is the remainder when 246 is divided by 47?
11
Calculate the remainder when 333 is divided by 104.
21
What is the remainder when 498 is divided by 7?
1
What is the remainder when 370 is divided by 18?
10
Calculate the remainder when 195 is divided by 50.
45
Calculate the remainder when 303 is divided by 3.
0
What is the remainder when 270 is divided by 70?
60
Calculate the remainder when 194 is divided by 101.
93
Calculate the remainder when 1502 is divided by 744.
14
Calculate the remainder when 4400 is divided by 16.
0
Calculate the remainder when 868 is divided by 36.
4
What is the remainder when 723 is divided by 54?
21
What is the remainder when 780 is divided by 23?
21
Calculate the remainder when 665 is divided by 329.
7
Calculate the remainder when 1506 is divided by 29.
27
Calculate the remainder when 3709 is divided by 79.
75
What is the remainder when 267 is divided by 79?
30
Calculate the remainder when 4131 is divided by 26.
23
What is the remainder when 52 is divided by 29?
23
What is the remainder when 445 is divided by 33?
16
What is the remainder when 108 is divided by 87?
21
What is the remainder when 538 is divided by 62?
42
What is the remainder when 1573 is divided by 44?
33
Calculate the remainder when 1842 is divided by 9.
6
Calculate the remainder when 404 is divided by 27.
26
Calculate the remainder when 3001 is divided by 202.
173
Calculate the remainder when 237 is divided by 81.
75
Calculate the remainder when 863 is divided by 74.
49
Calculate the remainder when 50 is divided by 40.
10
Calculate the remainder when 656 is divided by 130.
6
Calculate the remainder when 195 is divided by 71.
53
What is the remainder when 21318 is divided by 26?
24
What is the remainder when 94 is divided by 5?
4
What is the remainder when 65 is divided by 31?
3
Calculate the remainder when 229 is divided by 112.
5
What is the remainder when 4840 is divided by 4828?
12
Calculate the remainder when 852 is divided by 107.
103
Calculate the remainder when 16 is divided by 10.
6
What is the remainder when 155 is divided by 8?
3
What is the remainder when 365 is divided by 15?
5
What is the remainder when 1067 is divided by 12?
11
Calculate the remainder when 2394 is divided by 109.
105
What is the remainder when 221 is divided by 37?
36
Calculate the remainder when 126 is divided by 49.
28
Calculate the remainder when 84 is divided by 60.
24
What is the remainder when 386 is divided by 49?
43
Calculate the remainder when 23 is divided by 16.
7
Calculate the remainder when 1578 is divided by 525.
3
What is the remainder when 1479 is divided by 14?
9
What is the remainder when 31 is divided by 25?
6
Calculate the remainder when 3080 is divided by 377.
64
Calculate the remainder when 53 is divided by 8.
5
Calculate the remainder when 753 is divided by 20.
13
Calculate the remainder when 49 is divided by 21.
7
What is the remainder when 1210 is divided by 75?
10
What is the remainder when 331 is divided by 109?
4
Calculate the remainder when 1187 is divided by 14.
11
What is the remainder when 45 is divided by 7?
3
What is the remainder when 293 is divided by 21?
20
What is the remainder when 2764 is divided by 132?
124
What is the remainder when 41249 is divided by 330?
329
What is the remainder when 412 is divided by 105?
97
Calculate the remainder when 700 is divided by 117.
115
Calculate the remainder when 207 is divided by 50.
7
Calculate the remainder when 2922 is divided by 324.
6
What is the remainder when 1990 is divided by 168?
142
Calculate the remainder when 27 is divided by 14.
13
What is the remainder when 104 is divided by 18?
14
What is the remainder when 132 is divided by 36?
24
What is the remainder when 523 is divided by 25?
23
What is the r